5
What is the ten thousands digit of 88129?
8
What is the hundreds digit of 127?
1
What is the units digit of 151?
1
What is the hundreds digit of 36949?
9
What is the tens digit of 8778?
7
What is the units digit of 4179?
9
What is the units digit of 40107?
7
What is the units digit of 4357?
7
What is the ten thousands digit of 11161?
1
What is the thousands digit of 116310?
6
What is the units digit of 5608?
8
What is the hundreds digit of 5421?
4
What is the thousands digit of 4215?
4
What is the thousands digit of 1429?
1
What is the units digit of 18453?
3
What is the units digit of 62620?
0
What is the ten thousands digit of 19158?
1
What is the tens digit of 1355?
5
What is the thousands digit of 1299?
1
What is the thousands digit of 9233?
9
What is the tens digit of 64836?
3
What is the hundreds digit of 781?
7
What is the ten thousands digit of 21450?
2
What is the tens digit of 31687?
8
What is the hundreds digit of 10497?
4
What is the hundreds digit of 670?
6
What is the tens digit of 515?
1
What is the thousands digit of 3056?
3
What is the hundreds digit of 2913?
9
What is the units digit of 1026?
6
What is the units digit of 122060?
0
What is the thousands digit of 14315?
4
What is the hundreds digit of 15015?
0
What is the hundreds digit of 617?
6
What is the thousands digit of 1450?
1
What is the tens digit of 73226?
2
What is the thousands digit of 45261?
5
What is the tens digit of 4689?
8
What is the tens digit of 18112?
1
What is the tens digit of 4018?
1
What is the hundred thousands digit of 149914?
1
What is the hundreds digit of 82265?
2
What is the units digit of 1492?
2
What is the hundreds digit of 949?
9
What is the units digit of 735?
5
What is the units digit of 5955?
5
What is the ten thousands digit of 59094?
5
What is the hundreds digit of 51655?
6
What is the tens digit of 5565?
6
What is the units digit of 2784?
4
What is the thousands digit of 7328?
7
What is the units digit of 1007?
7
What is the units digit of 34683?
3
What is the tens digit of 3987?
8
What is the units digit of 39?
9
What is the thousands digit of 4041?
4
What is the units digit of 13841?
1
What is the tens digit of 980?
8
What is the tens digit of 14443?
4
What is the hundreds digit of 3048?
0
What is the hundreds digit of 9922?
9
What is the thousands digit of 5708?
5
What is the units digit of 20005?
5
What is the thousands digit of 1009?
1
What is the thousands digit of 3975?
3
What is the units digit of 1078?
8
What is the thousands digit of 161147?
1
What is the hundred thousands digit of 126498?
1
What is the hundreds digit of 1499?
4
What is the units digit of 106?
6
What is the thousands digit of 1294?
1
What is the units digit of 49175?
5
What is the hundreds digit of 2495?
4
What is the tens digit of 561?
6
What is the hundreds digit of 5930?
9
What is the units digit of 8512?
2
What is the hundreds digit of 776?
7
What is the ten thousands digit of 69817?
6
What is the tens digit of 128?
2
What is the tens digit of 29802?
0
What is the tens digit of 504?
0
What is the hundreds digit of 7500?
5
What is the units digit of 20706?
6
What is the tens digit of 814?
1
What is the hundreds digit of 44271?
2
What is the tens digit of 4021?
2
What is the hundreds digit of 404?
4
What is the units digit of 163429?
9
What is the tens digit of 596?
9
What is the units digit of 444?
4
What is the hundreds digit of 59549?
5
What is the hundreds digit of 612?
6
What is the hundreds digit of 25813?
8
What is the thousands digit of 1712?
1
What is the tens digit of 116503?
0
What is the units digit of 339?
9
What is the hundreds digit of 3051?
0
What is the ten thousands digit of 43466?
4
What is the units digit of 15388?
8
What is the thousands digit of 140600?
0
What is the tens digit of 1710?
1
What is the thousands digit of 37161?
7
What is the units digit of 28743?
3
What is the hundreds digit of 5973?
9
What is the hundreds digit of 1827?
8
What is the units digit of 10951?
1
What is the hundreds digit of 22687?
6
What is the tens digit of 35078?
7
What is the thousands digit of 58258?
8
What is the tens digit of 6790?
9
What is the thousands digit of 9685?
9
What is the thousands digit of 6379?
6
What is the hundreds digit of 57679?
6
What is the ten thousands digit of 44880?
4
What is the hundreds digit of 2835?
8
What is the thousands digit of 23815?
3
What is the thousands digit of 7381?
7
What is the thousands digit of 16228?
6
What is the thousands digit of 4508?
4
What is the hundreds digit of 1275?
2
What is the thousands digit of 1536?
1
What is the hundreds digit of 18179?
1
What is the thousands digit of 17002?
7
What is the hundred thousands digit of 122820?
1
What is the thousands digit of 8810?
8
What is the hundreds digit of 186?
1
What is the tens digit of 1805?
0
What is the tens digit of 692?
9
What is the hundreds digit of 33796?
7
What is the thousands digit of 5401?
5
What is the thousands digit of 17743?
7
What is the units digit of 1025?
5
What is the units digit of 1219?
9
What is the thousands digit of 28621?
8
What is the units digit of 43920?
0
What is the units digit of 383?
3
What is the thousands digit of 4316?
4
What is the tens digit of 907?
0
What is the tens digit of 4064?
6
What is the hundreds digit of 1187?
1
What is the thousands digit of 1226?
1
What is the tens digit of 252?
5
What is the thousands digit of 1496?
1
What is the tens digit of 25074?
7
What is the hundreds digit of 35938?
9
What is the tens digit of 5506?
0
What is the ten thousands digit of 17614?
1
What is the tens digit of 889?
8
What is the units digit of 63?
3
What is the units digit of 854?
4
What is the hundreds digit of 22948?
9
What is the hundreds digit of 48180?
1
What is the units digit of 51?
1
What is the ten thousands digit of 47755?
4
What is the units digit of 6629?
9
What is the hundreds digit of 119919?
9
What is the hundreds digit of 1634?
6
What is the units digit of 2419?
9
What is the hundreds digit of 4564?
5
What is the hundred thousands digit of 151198?
1
What is the tens digit of 585?
8
What is the thousands digit of 1477?
1
What is the tens digit of 10394?
9
What is the hundreds digit of 1841?
8
What is the units digit of 765?
5
What is the thousands digit of 75829?
5
What is the units digit of 3575?
5
What is the tens digit of 727?
2
What is the thousands digit of 1565?
1
What is the ten thousands digit of 69977?
6
What is the tens digit of 68?
6
What is the thousands digit of 1874?
1
What is the tens digit of 13205?
0
What is the hundreds digit of 4411?
4
What is the tens digit of 1197?
9
What is the thousands digit of 4007?
4
What is the tens digit of 927?
2
What is the tens digit of 21864?
6
What is the units digit of 291?
1
What is the thousands digit of 15840?
5
What is the thousands digit of 9338?
9
What is the hundred thousands digit of 175026?
1
What is the units digit of 8293?
3
What is the units digit of 340?
0
What is the thousands digit of 38935?
8
What is the thousands digit of 1154?
1
What is the tens digit of 336?
3
What is the tens digit of 1254?
5
What is the units digit of 812?
2
What is the tens digit of 2368?
6
What is the thousands digit of 1390?
1
What is the units digit of 4382?
2
What is the ten thousands digit of 103291?
0
What is the hundreds digit of 569?
5
What is the units digit of 61?
1
What is the units digit of 794?
4
What is the hundreds digit of 65266?
2
What is the tens digit of 21733?
3
What is the units digit of 6259?
9
What is the hundreds digit of 3219?
2
What is the units digit of 1279?
9
What is the hundreds digit of 976?
9
What is the thousands digit of 16256?
6
What is the hundreds digit of 51455?
4
What is the tens digit of 7128?
2
What is the ten thousands digit of 18439?
1
What is the tens digit of 18554?
5
What is the hundreds digit of 755?
7
What is the thousands digit of 2917?
2
What is the thousands digit of 20913?
0
What is the units digit of 13360?
0
What is the tens digit of 606?
0
What is the tens digit of 3224?
2
What is the hundreds digit of 27526?
5
What is the ten thousands digit of 35126?
3
What is the hundreds digit of 16501?
5
What is the units digit of 1700?
0
What is the units digit of 44528?
8
What is the ten thousands digit of 15709?
1
